i. Suppose 0 = 3*b - 1208 - o. Is b a composite number?
True
Is (9203 - 0)/(6*(-8)/(-96)) a prime number?
False
Let v(z) = 1. Let m(p) = -9*p**2 - 5*p + 8. Let k(a) = -m(a) + 5*v(a). Is k(-11) composite?
False
Let b(l) = 17*l**2 - 157*l - 47. Is b(-24) composite?
False
Let x(a) = -a + 5*a**2 - 67*a**3 + 66*a**3 - 4*a**2 + 943. Is x(0) a prime number?
False
Let x(w) be the first derivative of -9*w**4/2 + 11*w**3/3 + 5*w**2/2 - 5*w - 18. Is x(-5) a composite number?
True
Suppose 4*r - 3*i + 8*i = 262371, -65604 = -r + i. Is r a prime number?
True
Let v(j) be the second derivative of -j**5/20 + 7*j**4/12 - j**3/6 - 3*j**2 + 17*j. Is v(-5) a prime number?
False
Is 7 + 13/((-91)/(-2884)) a composite number?
False
Suppose 42 = -16*i + 22*i. Is 8650/4 - (21/2)/i a prime number?
True
Let j(w) = -4868*w - 7. Is j(-1) a composite number?
False
Let w be ((-1)/4)/((-5)/120). Suppose 11*l - 3695 = w*l. Is l a prime number?
True
Let c = 26 - 16. Suppose -h - 3*b = -33 + c, 5*b = -4*h + 64. Suppose -h*f = -6*f - 935. Is f prime?
False
Let b be 0 - ((-3)/3 - 2). Suppose -8 = -y - b*y. Suppose s - 12 = y. Is s a composite number?
True
Let p(v) = 115*v - 5. Let z be p(2). Suppose 5*x - z = 3*j - j, -2*x + 3*j = -101. Is x a prime number?
True
Let s = -9535 - -17588. Is s prime?
True
Let z(s) be the third derivative of 11*s**5/10 - s**4/24 - 2*s**3/3 + 3*s**2. Is z(3) composite?
False
Is 9/12 + ((-7753)/(-4))/1 composite?
True
Suppose -41365 = -20*x + 277975. Is x composite?
True
Suppose 306 = -3*u + 6*u. Suppose -2*s - u + 1392 = 0. Suppose s = 3*v - 0*v. Is v a prime number?
False
Suppose -5*t + 5*n - 125 + 15 = 0, 0 = -2*n. Let p = t - -7. Is -382*(p/6 + 2) prime?
True
Let d = 89 + 1244. Is d composite?
True
Let u(f) = f**3 + 13*f**2 + 11*f - 12. Let g be u(-12). Suppose 3*b = -g*b. Suppose b = -5*q - 4*j + 485, q - 2*j = 63 + 20. Is q a composite number?
True
Is (8 - 7)/(1/1982) a prime number?
False
Suppose -5*h = -11246 - 33269. Is h composite?
True
Let t(i) = -i**2 + 13*i + 3. Let n be t(13). Let b be (n + -7)*1*-2. Suppose b*j - 235 = 3*j - f, -2*f - 141 = -3*j. Is j a prime number?
True
Suppose v = 2*a - v - 7324, 4*v = -2*a + 7306. Is a a prime number?
True
Let h = 9031 + -4610. Is h composite?
False
Let a(n) = 3*n**3 - 2*n**2 - 3*n + 3. Let s be a(2). Is s/(39/378) + 1 prime?
True
Let f = -3210 + 6275. Is f a prime number?
False
Suppose 5*s = 4*s. Suppose j - 475 = n, -3*j + j + 5*n + 938 = s. Is j a composite number?
False
Let d be (57/4)/((-36)/(-96)). Is (-95)/d*(0 - (0 + 26)) a prime number?
False
Let a(i) = -i**3 + 4*i**2 + 5*i + 2. Let h be a(5). Suppose -h*r + 4672 = -0*c + 2*c, -2*c + 3*r + 4657 = 0. Is c composite?
False
Suppose 0 = -3*w + 15. Suppose 3*t - 3272 = -w*t. Is t a prime number?
True
Suppose 0 = h - 205 - 1297. Suppose -237 + h = 5*x. Is x composite?
True
Let h(l) = 722*l**2 - 3*l - 29. Is h(-6) composite?
False
Let z(q) = 8*q**2 - 3*q + 10*q**2 - 3 - 2*q**2 + 6*q**2. Is z(-4) prime?
False
Let n be (-3 + 1)*15/(-6). Suppose -48 = 4*a + f - 809, -n*a + 943 = 4*f. Is a a prime number?
True
Let l = 3 - 3. Let v(z) = 43*z + 4. Let q be v(6). Is 2/4*q + l a composite number?
False
Let w(k) be the third derivative of 47*k**5/3 + 5*k**4/24 - k**3/3 + 28*k**2. Is w(1) a composite number?
True
Let h = 53008 + -34811. Is h a prime number?
False
Is (-1)/(-2)*(-26502)/(9 + -12) a composite number?
True
Let n(b) = b**3 - 4*b**2 - 51*b - 57. Is n(16) composite?
True
Suppose -t + 4*w = 4*t - 3413, -6 = -2*w. Is t a prime number?
False
Let v(g) = 73*g**2 + 8*g + 16. Suppose 8*y - 7*y + 5 = 0. Is v(y) a prime number?
True
Is (-4)/10 - (-41241)/15 composite?
False
Suppose -7*j + 46223 = 10*j. Is j prime?
True
Let r = -91 - -94. Suppose 3*d = -4*g + 2*d + 8799, -3*g + 6588 = -r*d. Is g prime?
False
Let b(g) = 609*g**3 + 4*g**2 - 2*g - 3. Is b(4) a prime number?
False
Let o be 12/(-2)*-1*(-288)/(-64). Let x(y) = -y**2 + 30*y - 24. Is x(o) a prime number?
False
Let s = 7020 + -3710. Suppose -22*q - s = -24*q. Is q composite?
True
Let s(u) = u + 14. Let a be s(-6). Let j(x) = 71*x - 11. Is j(a) a prime number?
True
Suppose 0 = 3*q + 6, 4*r = -7*q + 2*q + 14. Suppose r*u = 4*u + 838. Is u a composite number?
False
Let a = -268 - -1713. Let g = -2377 + a. Is ((-2)/8)/(1/g) a composite number?
False
Suppose -3*o = m - 329, -4*o + 115 = -5*m - 349. Suppose -y + o = 2*y. Suppose y*n = 42*n - 4325. Is n prime?
False
Let s(r) = r**2 + 8*r + 3. Let i be s(-8). Suppose 0 = -v - i*v. Suppose v = b, 4*c - b = 2*c + 502. Is c a composite number?
False
Let i = -9742 - -18723. Is i composite?
True
Let z = 14 - 13. Suppose -5*i - 14 = -3*k, 2*k + i + 7 = -z. Is -3 - (k - 0)*65 a prime number?
True
Let d(m) = 29*m**2 - 9*m - 13. Let l be d(-7). Let q = l + -978. Is q prime?
False
Let o = 1 + 3. Let b(z) = z**2 - 5*z - 2. Let w be b(o). Let f(s) = 3*s**2 - 4*s - 5. Is f(w) a prime number?
True
Let q be ((-3)/1)/(15/(-10)). Is 1/(-1) + 2 + 60/q a prime number?
True
Suppose -3*c + c = 4, -3*c = -5*x + 36. Let m be (44/12 - 3)*x. Suppose -m*y + i + 852 = -3*i, -629 = -3*y - 2*i. Is y a prime number?
True
Suppose -69 = -4*o + 5*t + 936, -5*o = 3*t - 1284. Let f = -187 + 263. Let k = o + f. Is k prime?
True
Let m = 17820 - 12349. Is m a composite number?
False
Is (0 - 7)/((-8)/25280) + 3 composite?
False
Let i(o) = o**2 - 7*o. Let v be i(7). Suppose 284 = -3*b + 5*b + q, -b - 4*q + 135 = v. Is b a prime number?
False
Let k(t) = 5 + 3 + 16*t**2 - 8 + 3*t. Let x be k(-3). Suppose x = v - 98. Is v composite?
False
Suppose 9*m + 2*y + 175029 = 12*m, 4*y = m - 58343. Is m a composite number?
True
Let u(b) = 45*b**2 - 17*b - 117. Is u(-35) prime?
True
Let f(b) = b**3 + 11*b**2 + 11*b + 12. Let a be f(-9). Let m = a - -16. Is m a composite number?
True
Let h = 12 + -8. Suppose 0 = h*n + 5*z - 13460, -2*z + 1672 = 4*n - 11788. Is n a prime number?
False
Suppose 2*v - 1141 - 20461 = 0. Suppose 0*m - 7*m + v = 0. Is m a prime number?
True
Let j be (2 - -3)*(-24)/10. Let b be (-2)/(16/j + 2). Is 1/((-276)/93 - b) a composite number?
False
Suppose -6 = -5*f - 16. Let t be f/(3 + -1) - -4. Suppose 2*p - 6*p + t*c = -592, -153 = -p + 2*c. Is p composite?
True
Let d = -402 + 799. Is d composite?
False
Suppose 8*r - 3*r - 10 = 0. Is r + ((-532)/(-4) - -4) prime?
True
Suppose -2*x - 5251 = -9*c + 8*c, 5*c - 26299 = -x. Is c a prime number?
False
Suppose -5*r - 36 = -106. Suppose 0 = -4*y + 6 + r. Suppose -p = -y*m - 22, 0*p - 120 = -3*p - 3*m. Is p prime?
True
Let u = 39 - 40. Is 6/(-27) - u/((-27)/(-3435)) prime?
True
Let t = 3605 + -1912. Is t a prime number?
True
Let n(y) = -22*y + 41443. Is n(0) a prime number?
True
Suppose -2*v + 33359 = 4*o + 3557, -o = 2*v - 7443. Is o prime?
False
Let g(y) = y**3 - 8*y**2 + 2*y - 12. Let j be g(8). Suppose -7*c = -j*c - 402. Suppose -2*x = -x - c. Is x prime?
False
Suppose 0 = -5*t + 10 - 0. Suppose t*g - g - 7 = 2*q, -3*g = -2*q - 13. Is 6/9*(-159)/q a prime number?
True
Suppose 0 = 6*x - 5*x - 5*u + 12, 36 = -3*x + 2*u. Let b be x/54 - 56/(-9). Is (428/b)/((-12)/(-126)) prime?
False
Suppose -12*s = -4*s - 32. Let n(u) = 61*u**2 + 2*u - 5. Is n(s) a composite number?
True
Is 1 + (-11616)/120*90/(-4) a composite number?
False
Suppose 4*l + 40527 = f, 4*f - l = 70557 + 91611. Is f a composite number?
False
Suppose -3 = o - 1, -4*o = 4*j - 83436. Is j composite?
True
Suppose -2*a - 5*b = -1282, 4*b - 1937 = 2*a - 5*a. Suppose -2*p = -3449 + a. Is p a prime number?
True
Let f be 99/15 + 3/(-5). Suppose 0 = 3*w + 3 + f. Let t(z) = -59*z + 4. Is t(w) prime?
True
Let k = -16178 + 31069. Is k a composite number?
False
Let z(m) = 264*m + 175. Is z(16) composite?
True
Suppose 0 = -0*j - 2*j + 2. Let k = j - 1. Suppose -2*c - 37 + 111 = k. Is c a composite number?
False
Suppose 5*d - 4*y = 7*d - 3102, -4*d - 3*y = -6184. Is d a composite number?
False
Let s = 45449 - 27148. Is s a composite number?
False
Let v be (1/2)/((-1)/(-8)). Let r be (v + -9)*(-62)/(-5). Let w = r + 111. Is w composite?
True
Let o(k) be the first derivative of -k**3/3 + 13*k**2/2 + 16*k - 6. Let j be o(14). Suppose -s - 223 = -j*g, -4*g - 6*s + s = -411. Is g a prime number?
True
Let o(r) = -59*r - 271. Is o(-30) a prime number?
True
Let d(q) = q**2 - 12*q + 8. Let u be d(11). Let